units digit of j(t)?
7
Suppose 0 = 70*u + 236703 - 566478 - 1459425. What is the ten thousands digit of u?
2
Let z(l) = -l**3 + 16*l**2 - 15*l + 8. Let q be z(15). Let f be 7*-1*(3 - q). Suppose 5*d - f = 255. What is the tens digit of d?
5
Let k = 547 - 215. Suppose 20*w - 29*w = -36. Suppose -w*r + 344 = -j, -4*r - 4*j = -2*j - k. What is the units digit of r?
5
Let p(k) = 4*k - 2. Let m be p(-5). Let z = -248 + m. Let i = -158 - z. What is the tens digit of i?
1
Suppose y = -9*y + 50. Suppose -1 + 3 = 2*g, y*g + 729 = 2*r. Suppose -4*l + 397 = 5*o, -2*o + 142 = 5*l - r. What is the tens digit of l?
0
Let x(z) = 21*z**2 - 3*z - 2. Let a be x(-2). Let m(n) = 3*n + 24*n**2 + a*n**3 - 4*n + 2*n - 25*n**2. What is the units digit of m(1)?
8
Let y be 14234/12 + (-2)/12. Let m = y - 643. Suppose 7*k - 374 = m. What is the hundreds digit of k?
1
Suppose 2499 = 33*o + 16*o. What is the units digit of 6/o + (-293246)/(-323)?
8
Suppose 563635 - 30874 + 620387 = 38*m. What is the units digit of m?
6
Let a = 30958 - 9985. What is the ten thousands digit of a?
2
Suppose -u - u = 4*r + 32, -3*u - 24 = 2*r. Let v(a) = -10*a - 58. Let s be v(r). Suppose -45 = -s*q + 261. What is the units digit of q?
3
Suppose -33081 = 47*p - 396316 - 171766. What is the units digit of p?
3
Let q(m) = -152*m**3 - 16*m**2 - 7*m - 39. What is the ten thousands digit of q(-5)?
1
Suppose 13*n - 2*n - 77 = 0. Let s(f) = 7*f**2 - 17*f + 46. What is the units digit of s(n)?
0
Let n(s) = 36*s**2 - 51*s - 453. What is the thousands digit of n(-16)?
9
Let n(i) = -2*i - 27. Let z(r) = -r - 27. Suppose -12 + 0 = 3*s. Let f(y) = s*n(y) + 5*z(y). What is the tens digit of f(21)?
3
What is the tens digit of ((-22462)/(-7))/(110/385)?
3
Let l(d) = -2*d**3 + 12*d**2 + 20*d + 18. Let g be l(-7). Suppose 300 = -4*y - g. Let k = -243 - y. What is the hundreds digit of k?
1
What is the units digit of (1 - 30248/24)*-6 - 10?
6
What is the hundreds digit of ((-63)/(-84))/(63/6800304)?
9
Let y = -33 + 42. Let u = y + 4. Let m = u - -18. What is the tens digit of m?
3
Let k = -74 + 131. Let s = 57 - k. Suppose -56 = -z - 2*z + 4*t, 2*t + 10 = s. What is the tens digit of z?
1
Let l(q) = -550*q - 278. What is the hundreds digit of l(-15)?
9
Let p be -5 - (3 + 2 - 15). Suppose -3*n + p + 7 = 0. Suppose -4215 = -19*r + n*r. What is the tens digit of r?
8
Suppose 3*b = y + 61, -2*y - y - 219 = 3*b. What is the tens digit of (-4)/(-10) + (-33362)/y?
7
Suppose z + 3 = 0, x - 11*z + 388 = -16*z. Let g = x - -704. What is the units digit of g?
1
Let f(p) = 5*p**2 - 5*p - 4. Let m(c) be the second derivative of -c**3/6 + 3*c**2/2 + 8*c. Let a be m(7). What is the units digit of f(a)?
6
Suppose h = -5*r - 0*h + 23010, -5*h + 13828 = 3*r. What is the thousands digit of r?
4
Let t = 154 + -90. Let f = 67 - t. Suppose 6*p - 5*p - 66 = -3*y, 5*p - 330 = -f*y. What is the tens digit of p?
6
Let s(v) = 3*v**2 + 32*v + 267. Let c be s(-9). Let a = -158 + c. What is the units digit of a?
4
Let c = 3263 - 2983. What is the units digit of c?
0
Let q be -4*(5 - (-12)/(-2)). Suppose 4*n - 2220 = -4*d, 0*d + d + 2215 = q*n. What is the hundreds digit of n?
5
Let a = 527 - 534. Let n(x) = -53*x + 67. What is the hundreds digit of n(a)?
4
Let j = -444 - -10035. What is the hundreds digit of j?
5
Let b = 2045 + -1205. What is the tens digit of b/490*14*(66 + 1)?
0
Suppose 0 = -318*c - 3*c + 7576884. What is the units digit of c?
4
Let t(z) = -4*z**3 - 29*z**2 + 55*z + 43. What is the units digit of t(-14)?
5
What is the ten thousands digit of ((-13164)/(-10))/(918/21420)?
3
Let b(q) = -5577*q + 727. What is the thousands digit of b(-5)?
8
Let j(a) = 37349*a + 1466. What is the units digit of j(1)?
5
Let a be (-40)/(-19) + (-4)/38. Suppose -10*k + 9*k = -9. Suppose -k = 3*n - 3, 0 = -a*c - 4*n + 88. What is the units digit of c?
8
Suppose 2*x + x = 4*x. Suppose x*b - 423 = 3*b. Let i = b + 286. What is the tens digit of i?
4
Let d(l) = 284*l**2 + 21*l - 56. What is the ten thousands digit of d(6)?
1
Suppose -6*g + 0*g + 150 = 0. Let z be 5/g + (-16)/(-20). What is the tens digit of 17/(-119) + (-449)/(-7) - z?
6
Let u(a) = -3*a - 12. Let y be u(-8). Suppose -2*j - y = -5*n, -2*n + 3*j - 2*j + 4 = 0. What is the units digit of n + 0 + (16 - 12)?
8
What is the hundreds digit of ((-66984)/(-160) + (-1)/4)*5?
0
Let r = -12389 + 17657. What is the tens digit of r?
6
Let o(j) = -752*j + 1295. What is the thousands digit of o(-27)?
1
Suppose 0 = 64*o + 4*o - 516800. What is the units digit of o?
0
Let v(x) = x**3 + 20*x**2 + 15*x + 127. What is the units digit of v(-15)?
7
Let a(r) = r**3 + 8*r**2 + 20. Let x be a(-9). Let t = 61 + x. What is the tens digit of (-72)/(-10)*(t + 2 + 3)?
3
What is the hundreds digit of (-4)/15*80/192 + 54948/27?
0
Let z be (-882)/(-2 + 5) - 1. Let w = z + 528. What is the hundreds digit of w?
2
Suppose -5*c + 0*f = -3*f - 334, -2*c = 5*f - 146. Suppose -2*h = -234 - c. What is the units digit of h?
1
Let x(t) = -t**2 + 5*t - 290. Let v be x(0). Let m = v - -363. What is the units digit of m?
3
Let g = 196 - 194. Suppose 1584 = g*j + j - 3*p, j + 5*p = 534. What is the hundreds digit of j?
5
What is the hundreds digit of 1/(-9 + -5 + 8 - 566469/(-94410))?
4
Let x be 4/(-14) - (18951/(-7) - 2). Suppose -6*w - 3*w + x = 0. What is the hundreds digit of w?
3
Let p(n) = 55*n**2 - 37*n - 321. What is the units digit of p(24)?
1
Let w(i) = -9*i - 3. Let f(t) = 18*t + 5. Let m(l) = l**2 + 14*l + 24. Let x be m(-11). Let j(s) = x*w(s) - 4*f(s). What is the tens digit of j(6)?
6
Let t(z) = 409*z**2 - z. Let c be t(-3). Let v = c + -2341. What is the units digit of v?
3
What is the tens digit of 3*85/(-20)*732/(-9)?
3
Let d = -692 - -1486. Suppose 0 = -3*l + d + 346. What is the units digit of l?
0
Let s(o) be the first derivative of -3*o**2 - 82*o + 175. What is the units digit of s(-15)?
8
Let d = -46 + 46. Suppose d*s - 3*s + 3*l + 12 = 0, -5*s - 3*l + 52 = 0. What is the units digit of s/28 + 418/7 + 1?
1
Let t = -212 + 212. Suppose t = -24*y + 22*y + 416. What is the units digit of y?
8
Suppose -4*c = 76 - 32. Let w(f) = 2*f**2 - 4*f - 15. What is the hundreds digit of w(c)?
2
Suppose 3*k + 5*r + 230 = 0, -r = -5*k - 220 - 126. Let f = 66 + k. Let j(q) = -71*q - 38. What is the tens digit of j(f)?
4
Let b be (2345/(-14))/((-1)/2). Let p = -183 + b. What is the units digit of p?
2
Let j = 86008 - 47377. What is the tens digit of j?
3
Let k be 6/10 - (4 + (-1758)/(-30)). What is the tens digit of (-30)/4*k/3?
5
Let q be -1 + (1 - 2) - 0/5. Let i be 36*(q + 28/12). Suppose i*f = 16*f - 72. What is the units digit of f?
8
Suppose 33*k + 100457 = 3*y + 32*k, y - 4*k = 33460. What is the thousands digit of y?
3
Let m be ((-714)/(-30))/(1/185). Let f = -2776 + m. What is the thousands digit of f?
1
Let w be (-12)/(-3) - 2 - (2576 + -15). What is the hundreds digit of (-3)/(-3 - (w/1284 + -1))?
4
Suppose -10507 = -5*t + 4*l, t + 2*t = -3*l + 6288. What is the thousands digit of t?
2
Let p be (-29)/(-3) - 61/(-183). What is the units digit of 1 - 4484/(-8) - p/4?
9
Let r = 4098 - -101. Suppose 8*w - 153 - r = 0. What is the hundreds digit of w?
5
Let c = 12482 - -3610. What is the tens digit of c?
9
Let b be ((-854)/(-84) - 1/2)*156. Suppose -3*n + b = 3*w - 79, -533 = -w - 2*n. What is the hundreds digit of w?
5
Let g(t) = 14*t**2 + 6*t + 5. Let x be g(-1). Let d = 237 + x. What is the units digit of d?
0
Let v(a) = -13*a**3 + a**2 + 3*a - 3. Let j be v(1). Let i(o) = -o**2 - 13*o - 9. Let f be i(j). What is the units digit of ((-6)/(-9))/(f/153)?
4
What is the hundreds digit of 21/(-35) + (148192/20 - -2)?
4
Suppose 0 = -h - 2*h. Let f(j) = j**2 - 26*j - 189. Let n be f(32). What is the tens digit of 6/(n - h)*103?
0
Let u(x) = 751*x + 105. Let b be u(5). Suppose 12*r = 17*r - b. What is the tens digit of r?
7
Let m(z) be the second derivative of 7*z**4/12 + z**3/3 - 5*z**2 - 27*z. Let h(q) = -3*q - 1. Let v be h(-2). What is the tens digit of m(v)?
7
Let m = 373 + -371. Suppose m*z + 210 = 2*s + 652, 418 = 2*z + 4*s. What is the tens digit of z?
1
Let c be (-15)/6*(-12)/10. Suppose -5*m - u + c*u + 10 = 0, 2*m + 4*u = 28. What is the units digit of 36/((-2)/(-1))*m?
2
What is the thousands digit of (-10818 +